{"id":2,"date":"2016-09-02T14:10:39","date_gmt":"2016-09-02T12:10:39","guid":{"rendered":"http:\/\/www.speer-kaltbrunn.ch\/?page_id=2"},"modified":"2026-09-04T10:05:40","modified_gmt":"2026-09-04T08:05:40","slug":"speer","status":"publish","type":"page","link":"https:\/\/www.speer-kaltbrunn.ch\/","title":{"rendered":"Home"},"content":{"rendered":"\n<h2 class=\"wp-block-heading\"><span style=\"color: #800000;\"><strong>Seit drei Generationen echte Gastfreundschaft<\/strong><\/span><\/h2>\n\n\n\n<p class=\"has-medium-font-size\">Lassen Sie sich bei uns kulinarisch verw\u00f6hnen. Unsere Gerichte werden jeden Tag marktfrisch zubereitet. Wir legen besonderen Wert auf eine saisonale K\u00fcche und die Verwendung frischer Produkte. Ausserdem bieten wir eine Tageskarte mit sieben&nbsp;t\u00e4glich wechselnden Tagesmenus an.<\/p>\n\n\n\n<p class=\"has-medium-font-size\">F\u00fcr ein bisschen Sport vor oder&nbsp;nach dem Essen stehen unsere beiden Kegelbahnen zur Verf\u00fcgung.<\/p>\n\n\n\n<p class=\"has-medium-font-size\">Wir freuen uns auf Ihren Besuch!<\/p>\n\n\n\n<hr class=\"wp-block-separator has-alpha-channel-opacity\"\/>\n\n\n\n<h1 class=\"wp-block-heading has-text-align-center\"><span style=\"font-size: 42px;\"><strong><span style=\"color: #800000; font-family: verdana, geneva, sans-serif;\">WILD AUF WILD<\/span><\/strong><\/span><\/h1>\n\n\n\n<div class=\"wp-block-media-text is-stacked-on-mobile\" style=\"grid-template-columns:36% auto\"><figure class=\"wp-block-media-text__media\"><img loading=\"lazy\" decoding=\"async\" width=\"300\" height=\"300\" src=\"https:\/\/www.speer-kaltbrunn.ch\/wp-content\/uploads\/2024\/09\/hirsch.png\" alt=\"\" class=\"wp-image-3937 size-full\" srcset=\"https:\/\/www.speer-kaltbrunn.ch\/wp-content\/uploads\/2024\/09\/hirsch.png 300w, https:\/\/www.speer-kaltbrunn.ch\/wp-content\/uploads\/2024\/09\/hirsch-150x150.png 150w, https:\/\/www.speer-kaltbrunn.ch\/wp-content\/uploads\/2024\/09\/hirsch-230x230.png 230w\" sizes=\"auto, (max-width: 300px) 100vw, 300px\" \/><\/figure><div class=\"wp-block-media-text__content\">\n<p>Die Wildsaison ist da. F\u00fcr Feinschmecker und Geniesser servieren wir ab 4. September K\u00f6stlichkeiten vom Wild mit feinen Saucen und erlesenen Beilagen.      (Rehr\u00fccken gerne auf Vorbestellung)<\/p>\n\n\n\n<p><span style=\"font-family: verdana, geneva, sans-serif; background-color: #ffffff;\"><a style=\"background-color: #ffffff;\" href=\"https:\/\/www.speer-kaltbrunn.ch\/wp-content\/uploads\/2026\/09\/Wild-2026.pdf\"><span style=\"font-size: 28px; color: #800000; background-color: #ffffff;\"><span style=\"font-size: 21px;\">Wildkarte entdecken<\/span><\/span><\/a><\/span><\/p>\n<p><span style=\"font-size: 12px;\">w\u00e4hrend dem Jahrmarkt sowie unserer Metzgete servieren wir keine Wildspezialt\u00e4ten<\/span><\/p>\n<\/div><\/div>\n\n\n\n<hr class=\"wp-block-separator has-alpha-channel-opacity\"\/>\n\n\n\n<h1 style=\"text-align: center;\"><strong><span style=\"color: #800000; font-size: 48px; font-family: verdana, geneva, sans-serif;\">KEGELN<\/span><\/strong><\/h1>\n\n\n\n<div class=\"wp-block-media-text is-stacked-on-mobile\"><figure class=\"wp-block-media-text__media\"><img loading=\"lazy\" decoding=\"async\" width=\"186\" height=\"227\" src=\"https:\/\/www.speer-kaltbrunn.ch\/wp-content\/uploads\/2025\/08\/Kegler.png\" alt=\"\" class=\"wp-image-4301 size-full\"\/><\/figure><div class=\"wp-block-media-text__content\">\n<p>\u00a0<\/p>\n<p><span style=\"font-family: verdana, geneva, sans-serif;\">Ab dem 24. September bis am 31. Oktober findet wieder unser beliebtes Firmen-, Vereins- &amp; Gruppenkegeln statt.<\/span><\/p>\n<p><span style=\"font-family: verdana, geneva, sans-serif;\"><span style=\"color: #800000; background-color: #ffffff;\"><a style=\"color: #800000; background-color: #ffffff;\" href=\"https:\/\/www.speer-kaltbrunn.ch\/wp-content\/uploads\/2026\/08\/Kegeln-2026.pdf\">Anmeldeformular<\/a>\u00a0<\/span><\/span><\/p>\n\n\n\n<p>\u00a0<\/p>\n<p>\u00a0<\/p>\n\n\n<\/div><\/div>\n\n\n\n\n\n<hr class=\"wp-block-separator has-alpha-channel-opacity\"\/>\n\n\n\n<p style=\"text-align: center;\"><strong><span style=\"font-family: verdana, geneva, sans-serif; color: #800000; font-size: 24pt;\">TAKE AWAY<\/span><\/strong><\/p>\n<p class=\"has-text-align-center has-medium-font-size\"><span style=\"font-family: verdana, geneva, sans-serif; font-size: 14pt;\">Finden Sie <span style=\"color: #800000;\"><a style=\"color: #800000;\" href=\"https:\/\/www.speer-kaltbrunn.ch\/wp-content\/uploads\/2026\/08\/Take-away-3.pdf\">hier<\/a><\/span> unser aktuelles Wochenangebot.<\/span><\/p>\n<p style=\"text-align: center;\"><span style=\"font-size: 14pt; font-family: verdana, geneva, sans-serif;\"><span style=\"color: #000000;\">Vorbestellung unter 055 283 13 06 oder vor Ort ab 11.15 Uhr<\/span>.<\/span><\/p>\n\n\n\n<hr class=\"wp-block-separator has-alpha-channel-opacity\"\/>\n\n\n\n<p style=\"text-align: center;\"><br \/><span style=\"font-size: 36pt; font-family: verdana, geneva, sans-serif;\"><strong><span style=\"color: #800000;\">Jobs<\/span><\/strong><\/span><\/p>\n<p style=\"text-align: center;\"><span style=\"font-family: verdana, geneva, sans-serif;\"><strong>Aktuell gesucht:<\/strong><\/span><\/p>\n<p style=\"text-align: center;\"><span style=\"font-family: verdana, geneva, sans-serif;\"><strong>&#8211; Koch 60-100% <\/strong><\/span><span style=\"color: #800000; font-size: 18px; font-family: verdana, geneva, sans-serif; background-color: #ffffff;\"><a style=\"color: #800000; background-color: #ffffff;\" href=\"https:\/\/www.speer-kaltbrunn.ch\/wp-content\/uploads\/2026\/08\/Speer-Koch-.png\"><strong>Job anzeigen<\/strong><\/a><\/span><\/p>\n<p style=\"text-align: center;\"><span style=\"font-family: verdana, geneva, sans-serif;\"><strong>&#8211; Servicefachangestellte 60-100% ab 1 Nov.<span style=\"color: #800000; background-color: #ffffff; font-size: 18px;\"> <a style=\"color: #800000; background-color: #ffffff;\" href=\"https:\/\/www.speer-kaltbrunn.ch\/wp-content\/uploads\/2026\/08\/Service-60-100.png\">Job anzeigen<\/a><\/span><\/strong><\/span><\/p>\n<p style=\"text-align: center;\">\u00a0<\/p>\n\n\n","protected":false},"excerpt":{"rendered":"<p>Seit drei Generationen echte Gastfreundschaft Lassen Sie sich bei uns kulinarisch verw\u00f6hnen. Unsere Gerichte werden jeden Tag marktfrisch zubereitet. Wir legen besonderen Wert auf eine saisonale K\u00fcche und die Verwendung frischer Produkte. Ausserdem bieten wir eine Tageskarte mit sieben&nbsp;t\u00e4glich wechselnden Tagesmenus an. F\u00fcr ein bisschen Sport vor oder&nbsp;nach dem Essen stehen unsere beiden Kegelbahnen zur <a class=\"read-more\" href=\"https:\/\/www.speer-kaltbrunn.ch\/\">Read More<\/a><\/p>\n","protected":false},"author":1,"featured_media":36,"parent":0,"menu_order":0,"comment_status":"closed","ping_status":"open","template":"","meta":{"footnotes":""},"class_list":["post-2","page","type-page","status-publish","has-post-thumbnail","hentry"],"jetpack_sharing_enabled":true,"_links":{"self":[{"href":"https:\/\/www.speer-kaltbrunn.ch\/index.php\/wp-json\/wp\/v2\/pages\/2","targetHints":{"allow":["GET"]}}],"collection":[{"href":"https:\/\/www.speer-kaltbrunn.ch\/index.php\/wp-json\/wp\/v2\/pages"}],"about":[{"href":"https:\/\/www.speer-kaltbrunn.ch\/index.php\/wp-json\/wp\/v2\/types\/page"}],"author":[{"embeddable":true,"href":"https:\/\/www.speer-kaltbrunn.ch\/index.php\/wp-json\/wp\/v2\/users\/1"}],"replies":[{"embeddable":true,"href":"https:\/\/www.speer-kaltbrunn.ch\/index.php\/wp-json\/wp\/v2\/comments?post=2"}],"version-history":[{"count":1848,"href":"https:\/\/www.speer-kaltbrunn.ch\/index.php\/wp-json\/wp\/v2\/pages\/2\/revisions"}],"predecessor-version":[{"id":4736,"href":"https:\/\/www.speer-kaltbrunn.ch\/index.php\/wp-json\/wp\/v2\/pages\/2\/revisions\/4736"}],"wp:featuredmedia":[{"embeddable":true,"href":"https:\/\/www.speer-kaltbrunn.ch\/index.php\/wp-json\/wp\/v2\/media\/36"}],"wp:attachment":[{"href":"https:\/\/www.speer-kaltbrunn.ch\/index.php\/wp-json\/wp\/v2\/media?parent=2"}],"curies":[{"name":"wp","href":"https:\/\/api.w.org\/{rel}","templated":true}]}}

<h2 class="wp-block-heading"><span style="color: #800000;"><strong>Seit drei Generationen echte Gastfreundschaft</strong></span></h2>



<p class="has-medium-font-size">Lassen Sie sich bei uns kulinarisch verwöhnen. Unsere Gerichte werden jeden Tag marktfrisch zubereitet. Wir legen besonderen Wert auf eine saisonale Küche und die Verwendung frischer Produkte. Ausserdem bieten wir eine Tageskarte mit sieben&nbsp;täglich wechselnden Tagesmenus an.</p>



<p class="has-medium-font-size">Für ein bisschen Sport vor oder&nbsp;nach dem Essen stehen unsere beiden Kegelbahnen zur Verfügung.</p>



<p class="has-medium-font-size">Wir freuen uns auf Ihren Besuch!</p>



<hr class="wp-block-separator has-alpha-channel-opacity"/>



<h1 class="wp-block-heading has-text-align-center"><span style="font-size: 42px;"><strong><span style="color: #800000; font-family: verdana, geneva, sans-serif;">WILD AUF WILD</span></strong></span></h1>



<div class="wp-block-media-text is-stacked-on-mobile" style="grid-template-columns:36% auto"><figure class="wp-block-media-text__media"><img loading="lazy" decoding="async" width="300" height="300" src="https://www.speer-kaltbrunn.ch/wp-content/uploads/2024/09/hirsch.png" alt="" class="wp-image-3937 size-full" srcset="https://www.speer-kaltbrunn.ch/wp-content/uploads/2024/09/hirsch.png 300w, https://www.speer-kaltbrunn.ch/wp-content/uploads/2024/09/hirsch-150x150.png 150w, https://www.speer-kaltbrunn.ch/wp-content/uploads/2024/09/hirsch-230x230.png 230w" sizes="auto, (max-width: 300px) 100vw, 300px" /></figure><div class="wp-block-media-text__content">
<p>Die Wildsaison ist da. Für Feinschmecker und Geniesser servieren wir ab 4. September Köstlichkeiten vom Wild mit feinen Saucen und erlesenen Beilagen.      (Rehrücken gerne auf Vorbestellung)</p>



<p><span style="font-family: verdana, geneva, sans-serif; background-color: #ffffff;"><a style="background-color: #ffffff;" href="https://www.speer-kaltbrunn.ch/wp-content/uploads/2026/09/Wild-2026.pdf"><span style="font-size: 28px; color: #800000; background-color: #ffffff;"><span style="font-size: 21px;">Wildkarte entdecken</span></span></a></span></p>
<p><span style="font-size: 12px;">während dem Jahrmarkt sowie unserer Metzgete servieren wir keine Wildspezialtäten</span></p>
</div></div>



<hr class="wp-block-separator has-alpha-channel-opacity"/>



<h1 style="text-align: center;"><strong><span style="color: #800000; font-size: 48px; font-family: verdana, geneva, sans-serif;">KEGELN</span></strong></h1>



<div class="wp-block-media-text is-stacked-on-mobile"><figure class="wp-block-media-text__media"><img loading="lazy" decoding="async" width="186" height="227" src="https://www.speer-kaltbrunn.ch/wp-content/uploads/2025/08/Kegler.png" alt="" class="wp-image-4301 size-full"/></figure><div class="wp-block-media-text__content">
<p> </p>
<p><span style="font-family: verdana, geneva, sans-serif;">Ab dem 24. September bis am 31. Oktober findet wieder unser beliebtes Firmen-, Vereins- &amp; Gruppenkegeln statt.</span></p>
<p><span style="font-family: verdana, geneva, sans-serif;"><span style="color: #800000; background-color: #ffffff;"><a style="color: #800000; background-color: #ffffff;" href="https://www.speer-kaltbrunn.ch/wp-content/uploads/2026/08/Kegeln-2026.pdf">Anmeldeformular</a> </span></span></p>



<p> </p>
<p> </p>


</div></div>





<hr class="wp-block-separator has-alpha-channel-opacity"/>



<p style="text-align: center;"><strong><span style="font-family: verdana, geneva, sans-serif; color: #800000; font-size: 24pt;">TAKE AWAY</span></strong></p>
<p class="has-text-align-center has-medium-font-size"><span style="font-family: verdana, geneva, sans-serif; font-size: 14pt;">Finden Sie <span style="color: #800000;"><a style="color: #800000;" href="https://www.speer-kaltbrunn.ch/wp-content/uploads/2026/08/Take-away-3.pdf">hier</a></span> unser aktuelles Wochenangebot.</span></p>
<p style="text-align: center;"><span style="font-size: 14pt; font-family: verdana, geneva, sans-serif;"><span style="color: #000000;">Vorbestellung unter 055 283 13 06 oder vor Ort ab 11.15 Uhr</span>.</span></p>



<hr class="wp-block-separator has-alpha-channel-opacity"/>



<p style="text-align: center;"><br /><span style="font-size: 36pt; font-family: verdana, geneva, sans-serif;"><strong><span style="color: #800000;">Jobs</span></strong></span></p>
<p style="text-align: center;"><span style="font-family: verdana, geneva, sans-serif;"><strong>Aktuell gesucht:</strong></span></p>
<p style="text-align: center;"><span style="font-family: verdana, geneva, sans-serif;"><strong>&#8211; Koch 60-100% </strong></span><span style="color: #800000; font-size: 18px; font-family: verdana, geneva, sans-serif; background-color: #ffffff;"><a style="color: #800000; background-color: #ffffff;" href="https://www.speer-kaltbrunn.ch/wp-content/uploads/2026/08/Speer-Koch-.png"><strong>Job anzeigen</strong></a></span></p>
<p style="text-align: center;"><span style="font-family: verdana, geneva, sans-serif;"><strong>&#8211; Servicefachangestellte 60-100% ab 1 Nov.<span style="color: #800000; background-color: #ffffff; font-size: 18px;"> <a style="color: #800000; background-color: #ffffff;" href="https://www.speer-kaltbrunn.ch/wp-content/uploads/2026/08/Service-60-100.png">Job anzeigen</a></span></strong></span></p>
<p style="text-align: center;"> </p>

<p>Seit drei Generationen echte Gastfreundschaft Lassen Sie sich bei uns kulinarisch verwöhnen. Unsere Gerichte werden jeden Tag marktfrisch zubereitet. Wir legen besonderen Wert auf eine saisonale Küche und die Verwendung frischer Produkte. Ausserdem bieten wir eine Tageskarte mit sieben&nbsp;täglich wechselnden Tagesmenus an. Für ein bisschen Sport vor oder&nbsp;nach dem Essen stehen unsere beiden Kegelbahnen zur <a class="read-more" href="https://www.speer-kaltbrunn.ch/">Read More</a></p>
