{"id":561,"date":"2017-08-21T13:05:51","date_gmt":"2017-08-21T11:05:51","guid":{"rendered":"http:\/\/www.speer-kaltbrunn.ch\/?page_id=561"},"modified":"2017-09-18T14:17:42","modified_gmt":"2017-09-18T12:17:42","slug":"catering","status":"publish","type":"page","link":"https:\/\/www.speer-kaltbrunn.ch\/index.php\/catering\/","title":{"rendered":"Catering"},"content":{"rendered":"<p>Gerne verw\u00f6hnen wir Sie auch mit unserem Catering in der n\u00e4heren Umgebung. Kontaktieren Sie uns f\u00fcr weitere Informationen.<\/p>\n","protected":false},"excerpt":{"rendered":"<p>Gerne verw\u00f6hnen wir Sie auch mit unserem Catering in der n\u00e4heren Umgebung. Kontaktieren Sie uns f\u00fcr weitere Informationen.<\/p>\n","protected":false},"author":1,"featured_media":0,"parent":0,"menu_order":2,"comment_status":"closed","ping_status":"closed","template":"","meta":{"footnotes":""},"class_list":["post-561","page","type-page","status-publish","hentry"],"jetpack_sharing_enabled":true,"_links":{"self":[{"href":"https:\/\/www.speer-kaltbrunn.ch\/index.php\/wp-json\/wp\/v2\/pages\/561","targetHints":{"allow":["GET"]}}],"collection":[{"href":"https:\/\/www.speer-kaltbrunn.ch\/index.php\/wp-json\/wp\/v2\/pages"}],"about":[{"href":"https:\/\/www.speer-kaltbrunn.ch\/index.php\/wp-json\/wp\/v2\/types\/page"}],"author":[{"embeddable":true,"href":"https:\/\/www.speer-kaltbrunn.ch\/index.php\/wp-json\/wp\/v2\/users\/1"}],"replies":[{"embeddable":true,"href":"https:\/\/www.speer-kaltbrunn.ch\/index.php\/wp-json\/wp\/v2\/comments?post=561"}],"version-history":[{"count":6,"href":"https:\/\/www.speer-kaltbrunn.ch\/index.php\/wp-json\/wp\/v2\/pages\/561\/revisions"}],"predecessor-version":[{"id":689,"href":"https:\/\/www.speer-kaltbrunn.ch\/index.php\/wp-json\/wp\/v2\/pages\/561\/revisions\/689"}],"wp:attachment":[{"href":"https:\/\/www.speer-kaltbrunn.ch\/index.php\/wp-json\/wp\/v2\/media?parent=561"}],"curies":[{"name":"wp","href":"https:\/\/api.w.org\/{rel}","templated":true}]}}